{"id":46,"date":"2026-02-20T10:46:08","date_gmt":"2026-02-20T15:46:08","guid":{"rendered":"https:\/\/remiguyon.techniquesmedia.com\/sgc1-labo2\/?page_id=46"},"modified":"2026-02-22T13:03:13","modified_gmt":"2026-02-22T18:03:13","slug":"noxus-2","status":"publish","type":"page","link":"https:\/\/remiguyon.techniquesmedia.com\/sgc1-labo2\/noxus-2\/","title":{"rendered":"Noxus"},"content":{"rendered":"\n<div class=\"wp-block-cover alignfull wp-duotone-unset-1\"><img loading=\"lazy\" decoding=\"async\" width=\"1024\" height=\"348\" class=\"wp-block-cover__image-background wp-image-24 size-large\" alt=\"\" src=\"https:\/\/remiguyon.techniquesmedia.com\/sgc1-labo2\/wp-content\/uploads\/2026\/02\/Noxus-1024x348.jpg\" data-object-fit=\"cover\" srcset=\"https:\/\/remiguyon.techniquesmedia.com\/sgc1-labo2\/wp-content\/uploads\/2026\/02\/Noxus-1024x348.jpg 1024w, https:\/\/remiguyon.techniquesmedia.com\/sgc1-labo2\/wp-content\/uploads\/2026\/02\/Noxus-300x102.jpg 300w, https:\/\/remiguyon.techniquesmedia.com\/sgc1-labo2\/wp-content\/uploads\/2026\/02\/Noxus-768x261.jpg 768w, https:\/\/remiguyon.techniquesmedia.com\/sgc1-labo2\/wp-content\/uploads\/2026\/02\/Noxus-1536x522.jpg 1536w, https:\/\/remiguyon.techniquesmedia.com\/sgc1-labo2\/wp-content\/uploads\/2026\/02\/Noxus-1800x612.jpg 1800w, https:\/\/remiguyon.techniquesmedia.com\/sgc1-labo2\/wp-content\/uploads\/2026\/02\/Noxus.jpg 1920w\" sizes=\"auto, (max-width: 1024px) 100vw, 1024px\" \/><span aria-hidden=\"true\" class=\"wp-block-cover__background has-background-dim-0 has-background-dim\" style=\"background-color:#747865\"><\/span><div class=\"wp-block-cover__inner-container is-layout-flow wp-block-cover-is-layout-flow\">\n<p class=\"has-text-align-center has-large-font-size\"><\/p>\n<\/div><\/div>\n\n\n\n<div style=\"height:60px\" aria-hidden=\"true\" class=\"wp-block-spacer\"><\/div>\n\n\n\n<div class=\"wp-block-group is-layout-constrained wp-block-group-is-layout-constrained\">\n<h2 class=\"wp-block-heading has-pale-pink-color has-text-color has-link-color wp-elements-3378745b0cff414cacb1252b9d246dcd\">L\u2019Empire de la force et de la conqu\u00eate<\/h2>\n\n\n\n<p>Noxus est un empire militaire expansionniste dont la philosophie repose sur un principe fondamental : la force prime. Mais contrairement \u00e0 ce que ses ennemis pourraient croire, cette force n\u2019est pas uniquement physique \u2014 elle peut \u00eatre intellectuelle, strat\u00e9gique, ou m\u00eame politique. Quiconque poss\u00e8de une forme de force peut s\u2019\u00e9lever \u00e0 Noxus, quelle que soit son origine.<\/p>\n\n\n\n<p>Cet id\u00e9al, aussi brutal qu\u2019il puisse sembler, a permis \u00e0 Noxus d\u2019absorber des dizaines de nations et de peuples diff\u00e9rents, cr\u00e9ant un empire h\u00e9t\u00e9roclite o\u00f9 la m\u00e9ritocratie r\u00e8gne\u2026 au prix du sang.<\/p>\n<\/div>\n\n\n\n<div style=\"height:60px\" aria-hidden=\"true\" class=\"wp-block-spacer\"><\/div>\n\n\n\n<hr class=\"wp-block-separator has-text-color has-pale-pink-color has-alpha-channel-opacity has-pale-pink-background-color has-background is-style-wide\"\/>\n\n\n\n<div style=\"height:60px\" aria-hidden=\"true\" class=\"wp-block-spacer\"><\/div>\n\n\n\n<div class=\"wp-block-group is-layout-constrained wp-block-group-is-layout-constrained\">\n<h3 class=\"wp-block-heading has-pale-pink-color has-text-color has-link-color wp-elements-9b0074b4286419d34eaffe8d3e8d48b2\">Faits cl\u00e9s<\/h3>\n\n\n\n<div style=\"height:30px\" aria-hidden=\"true\" class=\"wp-block-spacer\"><\/div>\n\n\n\n<div class=\"wp-block-columns is-layout-flex wp-container-core-columns-is-layout-54e19f1e wp-block-columns-is-layout-flex\" style=\"border-top-style:none;border-top-width:0px;border-right-style:none;border-right-width:0px;border-bottom-color:var(--wp--preset--color--pale-pink);border-bottom-width:1px;border-left-style:none;border-left-width:0px;margin-top:0;margin-bottom:0;padding-top:var(--wp--preset--spacing--30);padding-bottom:var(--wp--preset--spacing--30)\">\n<div class=\"wp-block-column is-layout-flow wp-block-column-is-layout-flow\" style=\"border-style:none;border-width:0px\">\n<p class=\"has-pale-pink-color has-text-color has-link-color wp-elements-7ad6f6f5bfb5f4f649891615875def72\"><strong>Capitale<\/strong><\/p>\n<\/div>\n\n\n\n<div class=\"wp-block-column is-layout-flow wp-block-column-is-layout-flow\">\n<p>La Cit\u00e9 de Noxus<\/p>\n<\/div>\n<\/div>\n\n\n\n<div class=\"wp-block-columns is-layout-flex wp-container-core-columns-is-layout-54e19f1e wp-block-columns-is-layout-flex\" style=\"border-top-style:none;border-top-width:0px;border-right-style:none;border-right-width:0px;border-bottom-color:var(--wp--preset--color--pale-pink);border-bottom-width:1px;border-left-style:none;border-left-width:0px;margin-top:0;margin-bottom:0;padding-top:var(--wp--preset--spacing--30);padding-bottom:var(--wp--preset--spacing--30)\">\n<div class=\"wp-block-column is-layout-flow wp-block-column-is-layout-flow\" style=\"border-style:none;border-width:0px\">\n<p class=\"has-pale-pink-color has-text-color has-link-color wp-elements-fcda25dab895a4c01e79e451c0e57070\"><strong>Gouvernement<\/strong><\/p>\n<\/div>\n\n\n\n<div class=\"wp-block-column is-layout-flow wp-block-column-is-layout-flow\">\n<p>Triumvirat (conseil militaire)<\/p>\n<\/div>\n<\/div>\n\n\n\n<div class=\"wp-block-columns is-layout-flex wp-container-core-columns-is-layout-54e19f1e wp-block-columns-is-layout-flex\" style=\"border-top-style:none;border-top-width:0px;border-right-style:none;border-right-width:0px;border-bottom-color:var(--wp--preset--color--pale-pink);border-bottom-width:1px;border-left-style:none;border-left-width:0px;margin-top:0;margin-bottom:0;padding-top:var(--wp--preset--spacing--30);padding-bottom:var(--wp--preset--spacing--30)\">\n<div class=\"wp-block-column is-layout-flow wp-block-column-is-layout-flow\" style=\"border-style:none;border-width:0px\">\n<p class=\"has-pale-pink-color has-text-color has-link-color wp-elements-c08bf4ccccc4eb1cb0372c93e533cb31\"><strong><strong>Terrain<\/strong><\/strong><\/p>\n<\/div>\n\n\n\n<div class=\"wp-block-column is-layout-flow wp-block-column-is-layout-flow\">\n<p>Plaines arides, c\u00f4tes, territoires conquis vari\u00e9s<\/p>\n<\/div>\n<\/div>\n\n\n\n<div class=\"wp-block-columns is-layout-flex wp-container-core-columns-is-layout-54e19f1e wp-block-columns-is-layout-flex\" style=\"border-top-style:none;border-top-width:0px;border-right-style:none;border-right-width:0px;border-bottom-color:var(--wp--preset--color--pale-pink);border-bottom-width:1px;border-left-style:none;border-left-width:0px;margin-top:0;margin-bottom:0;padding-top:var(--wp--preset--spacing--30);padding-bottom:var(--wp--preset--spacing--30)\">\n<div class=\"wp-block-column is-layout-flow wp-block-column-is-layout-flow\" style=\"border-style:none;border-width:0px\">\n<p class=\"has-pale-pink-color has-text-color has-link-color wp-elements-83e1872965290004bfb36195b6c07985\"><strong><strong>Mentalit\u00e9<\/strong><\/strong><\/p>\n<\/div>\n\n\n\n<div class=\"wp-block-column is-layout-flow wp-block-column-is-layout-flow\">\n<p>M\u00e9ritocratie, force, expansion, pragmatisme<\/p>\n<\/div>\n<\/div>\n\n\n\n<div class=\"wp-block-columns is-layout-flex wp-container-core-columns-is-layout-54e19f1e wp-block-columns-is-layout-flex\" style=\"border-top-style:none;border-top-width:0px;border-right-style:none;border-right-width:0px;border-bottom-color:var(--wp--preset--color--pale-pink);border-bottom-width:1px;border-left-style:none;border-left-width:0px;margin-top:0;margin-bottom:0;padding-top:var(--wp--preset--spacing--30);padding-bottom:var(--wp--preset--spacing--30)\">\n<div class=\"wp-block-column is-layout-flow wp-block-column-is-layout-flow\" style=\"border-style:none;border-width:0px\">\n<p class=\"has-pale-pink-color has-text-color has-link-color wp-elements-340f35beab39a5eb169f874359e08fb2\"><strong><strong><strong>Symbole<\/strong><\/strong><\/strong><\/p>\n<\/div>\n\n\n\n<div class=\"wp-block-column is-layout-flow wp-block-column-is-layout-flow\">\n<p>La rose noire<\/p>\n<\/div>\n<\/div>\n<\/div>\n\n\n\n<div style=\"height:100px\" aria-hidden=\"true\" class=\"wp-block-spacer\"><\/div>\n\n\n\n<hr class=\"wp-block-separator has-text-color has-pale-pink-color has-alpha-channel-opacity has-pale-pink-background-color has-background is-style-wide\"\/>\n\n\n\n<div style=\"height:60px\" aria-hidden=\"true\" class=\"wp-block-spacer\"><\/div>\n\n\n\n<div class=\"wp-block-columns alignwide is-layout-flex wp-container-core-columns-is-layout-28f84493 wp-block-columns-is-layout-flex\">\n<div class=\"wp-block-column is-vertically-aligned-center is-layout-flow wp-block-column-is-layout-flow\" style=\"flex-basis:33.33%\">\n<h3 class=\"wp-block-heading has-pale-pink-color has-text-color has-link-color wp-elements-27726e18e3f0374c363057fbc78886fc\">Histoire<\/h3>\n\n\n\n<p><em>De cit\u00e9-\u00e9tat \u00e0 empire mondial<\/em><\/p>\n<\/div>\n\n\n\n<div class=\"wp-block-column is-layout-flow wp-block-column-is-layout-flow\" style=\"flex-basis:66.66%\">\n<p>Noxus a commenc\u00e9 comme une modeste cit\u00e9 fortifi\u00e9e sur les c\u00f4tes du nord-ouest de Runeterra. Gr\u00e2ce \u00e0 sa machine de guerre redoutable et \u00e0 ses g\u00e9n\u00e9raux visionnaires, elle a progressivement \u00e9tendu son influence sur des centaines de kilom\u00e8tres, engloutissant nations et cit\u00e9s-\u00e9tats sur son passage.<\/p>\n\n\n\n<p>Au fil du temps, le pouvoir s\u2019est centralis\u00e9 dans un conseil de dirigeants appel\u00e9 \u00ab le Triumvirat \u00bb, une structure de gouvernance militaro-politique qui oriente les conqu\u00eates et les lois de l\u2019empire.<\/p>\n\n\n\n<p>L\u00e0 o\u00f9 D\u00e9macia voit la magie comme une mal\u00e9diction, Noxus l\u2019exploite comme une arme. Mages, assassins, guerriers \u2014 tous servent l\u2019empire s\u2019ils prouvent leur valeur.<\/p>\n<\/div>\n<\/div>\n\n\n\n<div style=\"height:60px\" aria-hidden=\"true\" class=\"wp-block-spacer\"><\/div>\n\n\n\n<hr class=\"wp-block-separator has-text-color has-pale-pink-color has-alpha-channel-opacity has-pale-pink-background-color has-background is-style-wide\"\/>\n\n\n\n<div style=\"height:60px\" aria-hidden=\"true\" class=\"wp-block-spacer\"><\/div>\n\n\n\n<div class=\"wp-block-group alignwide is-layout-constrained wp-block-group-is-layout-constrained\">\n<h3 class=\"wp-block-heading has-text-align-center has-pale-pink-color has-text-color has-link-color wp-elements-9bcb57ffef811839873decd62e8913ba\">Champions<\/h3>\n\n\n\n<div class=\"wp-block-columns alignwide is-layout-flex wp-container-core-columns-is-layout-28f84493 wp-block-columns-is-layout-flex\">\n<div class=\"wp-block-column has-border-color has-pale-pink-border-color is-layout-flow wp-block-column-is-layout-flow\" style=\"border-width:1px;border-top-left-radius:16px;border-top-right-radius:16px;border-bottom-left-radius:16px;border-bottom-right-radius:16px;padding-top:var(--wp--preset--spacing--70);padding-right:var(--wp--preset--spacing--70);padding-bottom:var(--wp--preset--spacing--70);padding-left:var(--wp--preset--spacing--70)\">\n<figure class=\"wp-block-image aligncenter size-lol-champion is-style-rounded wp-duotone-unset-2\"><img loading=\"lazy\" decoding=\"async\" width=\"400\" height=\"400\" src=\"https:\/\/remiguyon.techniquesmedia.com\/sgc1-labo2\/wp-content\/uploads\/2026\/02\/noxus-darius-400x400.jpg\" alt=\"\" class=\"wp-image-25\" srcset=\"https:\/\/remiguyon.techniquesmedia.com\/sgc1-labo2\/wp-content\/uploads\/2026\/02\/noxus-darius-400x400.jpg 400w, https:\/\/remiguyon.techniquesmedia.com\/sgc1-labo2\/wp-content\/uploads\/2026\/02\/noxus-darius-150x150.jpg 150w\" sizes=\"auto, (max-width: 400px) 100vw, 400px\" \/><\/figure>\n\n\n\n<h4 class=\"wp-block-heading has-text-align-center has-pale-pink-color has-text-color has-link-color wp-elements-7d74249a17fdb20ae61eb7d39c4875ba\">Darius<\/h4>\n\n\n\n<h5 class=\"wp-block-heading has-text-align-center has-text-color has-link-color wp-elements-917dee615aaa47b9999a5fb99964fc9b\" style=\"color:#c0c0c0\">Guerrier \/ tank<\/h5>\n\n\n\n<p class=\"has-text-align-center has-small-font-size\">Le g\u00e9n\u00e9ral le plus redout\u00e9 de Noxus. Darius est une force de destruction implacable qui ex\u00e9cute lui-m\u00eame les l\u00e2ches et les tra\u00eetres.<\/p>\n<\/div>\n\n\n\n<div class=\"wp-block-column has-border-color has-pale-pink-border-color is-layout-flow wp-block-column-is-layout-flow\" style=\"border-width:1px;border-top-left-radius:16px;border-top-right-radius:16px;border-bottom-left-radius:16px;border-bottom-right-radius:16px;padding-top:var(--wp--preset--spacing--70);padding-right:var(--wp--preset--spacing--70);padding-bottom:var(--wp--preset--spacing--70);padding-left:var(--wp--preset--spacing--70)\">\n<figure class=\"wp-block-image aligncenter size-lol-champion is-style-rounded wp-duotone-unset-3\"><img loading=\"lazy\" decoding=\"async\" width=\"400\" height=\"400\" src=\"https:\/\/remiguyon.techniquesmedia.com\/sgc1-labo2\/wp-content\/uploads\/2026\/02\/noxus-katarina-400x400.jpg\" alt=\"\" class=\"wp-image-27\" srcset=\"https:\/\/remiguyon.techniquesmedia.com\/sgc1-labo2\/wp-content\/uploads\/2026\/02\/noxus-katarina-400x400.jpg 400w, https:\/\/remiguyon.techniquesmedia.com\/sgc1-labo2\/wp-content\/uploads\/2026\/02\/noxus-katarina-150x150.jpg 150w\" sizes=\"auto, (max-width: 400px) 100vw, 400px\" \/><\/figure>\n\n\n\n<h4 class=\"wp-block-heading has-text-align-center has-pale-pink-color has-text-color has-link-color wp-elements-7659bfe2f0f2277680834ac2e24de42b\">Katarina<\/h4>\n\n\n\n<h5 class=\"wp-block-heading has-text-align-center has-text-color has-link-color wp-elements-915d3adf049b472a2b5f39da1d6272e5\" style=\"color:#c0c0c0\">Assassin<\/h5>\n\n\n\n<p class=\"has-text-align-center has-small-font-size\">Fille d\u2019un g\u00e9n\u00e9ral l\u00e9gendaire, Katarina est une assassine de g\u00e9nie qui voyage \u00e0 travers Runeterra pour \u00e9liminer les ennemis de Noxus avec une pr\u00e9cision mortelle.<\/p>\n<\/div>\n<\/div>\n\n\n\n<div class=\"wp-block-columns alignwide is-layout-flex wp-container-core-columns-is-layout-28f84493 wp-block-columns-is-layout-flex\">\n<div class=\"wp-block-column has-border-color has-pale-pink-border-color is-layout-flow wp-block-column-is-layout-flow\" style=\"border-width:1px;border-top-left-radius:16px;border-top-right-radius:16px;border-bottom-left-radius:16px;border-bottom-right-radius:16px;padding-top:var(--wp--preset--spacing--70);padding-right:var(--wp--preset--spacing--70);padding-bottom:var(--wp--preset--spacing--70);padding-left:var(--wp--preset--spacing--70)\">\n<figure class=\"wp-block-image aligncenter size-lol-champion is-style-rounded wp-duotone-unset-4\"><img loading=\"lazy\" decoding=\"async\" width=\"400\" height=\"400\" src=\"https:\/\/remiguyon.techniquesmedia.com\/sgc1-labo2\/wp-content\/uploads\/2026\/02\/noxus-swain-400x400.jpg\" alt=\"\" class=\"wp-image-28\" srcset=\"https:\/\/remiguyon.techniquesmedia.com\/sgc1-labo2\/wp-content\/uploads\/2026\/02\/noxus-swain-400x400.jpg 400w, https:\/\/remiguyon.techniquesmedia.com\/sgc1-labo2\/wp-content\/uploads\/2026\/02\/noxus-swain-150x150.jpg 150w\" sizes=\"auto, (max-width: 400px) 100vw, 400px\" \/><\/figure>\n\n\n\n<h4 class=\"wp-block-heading has-text-align-center has-pale-pink-color has-text-color has-link-color wp-elements-168141057c1de599436cdef68f2705c7\">Fiora<\/h4>\n\n\n\n<h5 class=\"wp-block-heading has-text-align-center has-text-color has-link-color wp-elements-6de49e1ebfcf8e1cd9d5310998d526fa\" style=\"color:#c0c0c0\">Mage \/ Drain<\/h5>\n\n\n\n<p class=\"has-text-align-center has-small-font-size\">Le Grand G\u00e9n\u00e9ral actuel de Noxus, Swain est un strat\u00e8ge brillant et un puissant mage qui a fait un pacte avec des forces d\u00e9moniaques.<\/p>\n<\/div>\n\n\n\n<div class=\"wp-block-column has-border-color has-pale-pink-border-color is-layout-flow wp-block-column-is-layout-flow\" style=\"border-width:1px;border-top-left-radius:16px;border-top-right-radius:16px;border-bottom-left-radius:16px;border-bottom-right-radius:16px;padding-top:var(--wp--preset--spacing--70);padding-right:var(--wp--preset--spacing--70);padding-bottom:var(--wp--preset--spacing--70);padding-left:var(--wp--preset--spacing--70)\">\n<figure class=\"wp-block-image aligncenter size-lol-champion is-style-rounded wp-duotone-unset-5\"><img loading=\"lazy\" decoding=\"async\" width=\"400\" height=\"400\" src=\"https:\/\/remiguyon.techniquesmedia.com\/sgc1-labo2\/wp-content\/uploads\/2026\/02\/noxus-draven-400x400.jpg\" alt=\"\" class=\"wp-image-26\" srcset=\"https:\/\/remiguyon.techniquesmedia.com\/sgc1-labo2\/wp-content\/uploads\/2026\/02\/noxus-draven-400x400.jpg 400w, https:\/\/remiguyon.techniquesmedia.com\/sgc1-labo2\/wp-content\/uploads\/2026\/02\/noxus-draven-150x150.jpg 150w\" sizes=\"auto, (max-width: 400px) 100vw, 400px\" \/><\/figure>\n\n\n\n<h4 class=\"wp-block-heading has-text-align-center has-pale-pink-color has-text-color has-link-color wp-elements-ee46dda2c0d216e71fd751caab331e69\">Senna<\/h4>\n\n\n\n<h5 class=\"wp-block-heading has-text-align-center has-text-color has-link-color wp-elements-9af639b51b8e88741044b407ea1c7295\" style=\"color:#c0c0c0\">Tireur<\/h5>\n\n\n\n<p class=\"has-text-align-center has-small-font-size\">Bourreau de l\u2019empire et spectacle \u00e0 lui seul, Draven ex\u00e9cute ses sentences avec des haches tournoyantes\u2026 et un ego encore plus grand.<\/p>\n<\/div>\n<\/div>\n<\/div>\n\n\n\n<div style=\"height:100px\" aria-hidden=\"true\" class=\"wp-block-spacer\"><\/div>\n\n\n\n<blockquote class=\"wp-block-quote is-layout-flow wp-block-quote-is-layout-flow\">\n<p class=\"has-pale-pink-color has-text-color has-link-color has-large-font-size wp-elements-460dc569dd8238a4a635abbd2f134718\">\u00ab Noxus ne prend pas \u2014 Noxus lib\u00e8re. Lib\u00e8re les faibles de leurs illusions, lib\u00e8re les forts de leurs cha\u00eenes. \u00bb<\/p>\n\n\n\n<p>\u2014&nbsp;<em>Swain, Grand G\u00e9n\u00e9ral de Noxus<\/em><\/p>\n<\/blockquote>\n\n\n\n<div style=\"height:100px\" aria-hidden=\"true\" class=\"wp-block-spacer\"><\/div>\n\n\n\n<div class=\"wp-block-cover alignfull wp-duotone-unset-10\"><img loading=\"lazy\" decoding=\"async\" width=\"1024\" height=\"745\" class=\"wp-block-cover__image-background wp-image-34 size-large\" alt=\"\" src=\"https:\/\/remiguyon.techniquesmedia.com\/sgc1-labo2\/wp-content\/uploads\/2026\/02\/regions-1024x745.png\" data-object-fit=\"cover\" srcset=\"https:\/\/remiguyon.techniquesmedia.com\/sgc1-labo2\/wp-content\/uploads\/2026\/02\/regions-1024x745.png 1024w, https:\/\/remiguyon.techniquesmedia.com\/sgc1-labo2\/wp-content\/uploads\/2026\/02\/regions-300x218.png 300w, https:\/\/remiguyon.techniquesmedia.com\/sgc1-labo2\/wp-content\/uploads\/2026\/02\/regions-768x559.png 768w, https:\/\/remiguyon.techniquesmedia.com\/sgc1-labo2\/wp-content\/uploads\/2026\/02\/regions-1536x1118.png 1536w, https:\/\/remiguyon.techniquesmedia.com\/sgc1-labo2\/wp-content\/uploads\/2026\/02\/regions-1649x1200.png 1649w, https:\/\/remiguyon.techniquesmedia.com\/sgc1-labo2\/wp-content\/uploads\/2026\/02\/regions.png 2048w\" sizes=\"auto, (max-width: 1024px) 100vw, 1024px\" \/><span aria-hidden=\"true\" class=\"wp-block-cover__background has-background-dim\" style=\"background-color:#4a524b\"><\/span><div class=\"wp-block-cover__inner-container is-layout-constrained wp-block-cover-is-layout-constrained\">\n<h3 class=\"wp-block-heading has-text-align-center has-large-font-size\">Explorer les autres r\u00e9gions<\/h3>\n\n\n\n<div class=\"wp-block-buttons is-content-justification-center is-layout-flex wp-container-core-buttons-is-layout-a89b3969 wp-block-buttons-is-layout-flex\">\n<div class=\"wp-block-button is-style-outline is-style-outline--6\"><a class=\"wp-block-button__link has-text-color has-link-color has-border-color wp-element-button\" href=\"https:\/\/remiguyon.techniquesmedia.com\/sgc1-labo2\/demacia-2\/\" style=\"border-color:#beaf90;border-top-left-radius:16px;border-top-right-radius:16px;border-bottom-left-radius:16px;border-bottom-right-radius:16px;color:#beaf90\">Demacia<\/a><\/div>\n\n\n\n<div class=\"wp-block-button is-style-outline is-style-outline--7\"><a class=\"wp-block-button__link has-text-color has-link-color has-border-color wp-element-button\" href=\"https:\/\/remiguyon.techniquesmedia.com\/sgc1-labo2\/noxus-2\/\" style=\"border-color:#beaf90;border-top-left-radius:16px;border-top-right-radius:16px;border-bottom-left-radius:16px;border-bottom-right-radius:16px;color:#beaf90\">Noxus<\/a><\/div>\n\n\n\n<div class=\"wp-block-button is-style-outline is-style-outline--8\"><a class=\"wp-block-button__link has-text-color has-link-color has-border-color wp-element-button\" href=\"https:\/\/remiguyon.techniquesmedia.com\/sgc1-labo2\/ionia-2\/\" style=\"border-color:#beaf90;border-top-left-radius:16px;border-top-right-radius:16px;border-bottom-left-radius:16px;border-bottom-right-radius:16px;color:#beaf90\">Ionia<\/a><\/div>\n\n\n\n<div class=\"wp-block-button is-style-outline is-style-outline--9\"><a class=\"wp-block-button__link has-text-color has-link-color has-border-color wp-element-button\" href=\"https:\/\/remiguyon.techniquesmedia.com\/sgc1-labo2\/piltover-2\/\" style=\"border-color:#beaf90;border-top-left-radius:16px;border-top-right-radius:16px;border-bottom-left-radius:16px;border-bottom-right-radius:16px;color:#beaf90\">Piltover<\/a><\/div>\n<\/div>\n<\/div><\/div>\n\n\n\n<div style=\"height:60px\" aria-hidden=\"true\" class=\"wp-block-spacer\"><\/div>\n\n\n\n<div class=\"wp-block-group has-black-color has-text-color has-background has-link-color wp-elements-f3c4c3ac686a578ee998504c7ca0c366 is-layout-constrained wp-container-core-group-is-layout-04169bb1 wp-block-group-is-layout-constrained\" style=\"border-top-left-radius:16px;border-top-right-radius:16px;border-bottom-left-radius:16px;border-bottom-right-radius:16px;background-color:#beaf90;padding-top:36px;padding-right:36px;padding-bottom:36px;padding-left:36px\">\n<h6 class=\"wp-block-heading\">\u00e0 PROPOS DE CE SITE<\/h6>\n\n\n\n<p>Ce site est un guide non officiel consacr\u00e9 aux r\u00e9gions de l\u2019univers de League of Legends. Il a \u00e9t\u00e9&nbsp;<strong>cr\u00e9\u00e9 \u00e0 des fins \u00e9ducatives<\/strong>&nbsp;dans le cadre du cours SGC 1.<\/p>\n\n\n\n<hr class=\"wp-block-separator has-text-color has-black-color has-alpha-channel-opacity has-black-background-color has-background is-style-wide\" style=\"margin-top:24px;margin-bottom:24px\"\/>\n\n\n\n<p class=\"has-small-font-size\">Tous les droits sur les personnages et l\u2019univers appartiennent \u00e0 Riot Games.<\/p>\n<\/div>\n","protected":false},"excerpt":{"rendered":"<p>L\u2019Empire de la force et de la conqu\u00eate Noxus est un empire militaire expansionniste dont la philosophie repose sur un principe fondamental : la force prime. Mais contrairement \u00e0 ce que ses ennemis pourraient croire, cette force n\u2019est pas uniquement physique \u2014 elle peut \u00eatre intellectuelle, strat\u00e9gique, ou m\u00eame politique. Quiconque poss\u00e8de une forme de [&hellip;]<\/p>\n","protected":false},"author":1,"featured_media":0,"parent":0,"menu_order":0,"comment_status":"closed","ping_status":"closed","template":"","meta":{"footnotes":""},"class_list":["post-46","page","type-page","status-publish","hentry"],"_links":{"self":[{"href":"https:\/\/remiguyon.techniquesmedia.com\/sgc1-labo2\/wp-json\/wp\/v2\/pages\/46","targetHints":{"allow":["GET"]}}],"collection":[{"href":"https:\/\/remiguyon.techniquesmedia.com\/sgc1-labo2\/wp-json\/wp\/v2\/pages"}],"about":[{"href":"https:\/\/remiguyon.techniquesmedia.com\/sgc1-labo2\/wp-json\/wp\/v2\/types\/page"}],"author":[{"embeddable":true,"href":"https:\/\/remiguyon.techniquesmedia.com\/sgc1-labo2\/wp-json\/wp\/v2\/users\/1"}],"replies":[{"embeddable":true,"href":"https:\/\/remiguyon.techniquesmedia.com\/sgc1-labo2\/wp-json\/wp\/v2\/comments?post=46"}],"version-history":[{"count":3,"href":"https:\/\/remiguyon.techniquesmedia.com\/sgc1-labo2\/wp-json\/wp\/v2\/pages\/46\/revisions"}],"predecessor-version":[{"id":93,"href":"https:\/\/remiguyon.techniquesmedia.com\/sgc1-labo2\/wp-json\/wp\/v2\/pages\/46\/revisions\/93"}],"wp:attachment":[{"href":"https:\/\/remiguyon.techniquesmedia.com\/sgc1-labo2\/wp-json\/wp\/v2\/media?parent=46"}],"curies":[{"name":"wp","href":"https:\/\/api.w.org\/{rel}","templated":true}]}}